{"id":1237,"date":"2025-06-18T17:03:27","date_gmt":"2025-06-18T22:03:27","guid":{"rendered":"https:\/\/educaciontrendi.com\/pensionadosenlinea\/?page_id=1237"},"modified":"2025-06-24T11:50:57","modified_gmt":"2025-06-24T16:50:57","slug":"contactanos-2","status":"publish","type":"page","link":"https:\/\/pensionadosenlinea.com\/?page_id=1237","title":{"rendered":"Cont\u00e1ctanos"},"content":{"rendered":"\t\t<div data-elementor-type=\"wp-page\" data-elementor-id=\"1237\" class=\"elementor elementor-1237\">\n\t\t\t\t<div class=\"elementor-element elementor-element-1dfd3aa e-flex e-con-boxed e-con e-parent\" data-id=\"1dfd3aa\" data-element_type=\"container\" data-settings=\"{&quot;background_background&quot;:&quot;classic&quot;}\">\n\t\t\t\t\t<div class=\"e-con-inner\">\n\t\t<div class=\"elementor-element elementor-element-24f1f91 e-con-full e-flex e-con e-child\" data-id=\"24f1f91\" data-element_type=\"container\">\n\t\t\t\t<\/div>\n\t\t<div class=\"elementor-element elementor-element-2b9d662 e-con-full e-flex e-con e-child\" data-id=\"2b9d662\" data-element_type=\"container\">\n\t\t\t\t<div class=\"elementor-element elementor-element-fb8c1ce elementor-widget elementor-widget-image\" data-id=\"fb8c1ce\" data-element_type=\"widget\" data-widget_type=\"image.default\">\n\t\t\t\t<div class=\"elementor-widget-container\">\n\t\t\t\t\t\t\t\t\t\t\t\t\t\t\t<img fetchpriority=\"high\" decoding=\"async\" width=\"768\" height=\"375\" src=\"https:\/\/pensionadosenlinea.com\/wp-content\/uploads\/2025\/06\/img5-768x375.png\" class=\"attachment-medium_large size-medium_large wp-image-1682\" alt=\"\" srcset=\"https:\/\/pensionadosenlinea.com\/wp-content\/uploads\/2025\/06\/img5-768x375.png 768w, https:\/\/pensionadosenlinea.com\/wp-content\/uploads\/2025\/06\/img5-300x146.png 300w, https:\/\/pensionadosenlinea.com\/wp-content\/uploads\/2025\/06\/img5-1024x500.png 1024w, https:\/\/pensionadosenlinea.com\/wp-content\/uploads\/2025\/06\/img5.png 1432w\" sizes=\"(max-width: 768px) 100vw, 768px\" \/>\t\t\t\t\t\t\t\t\t\t\t\t\t\t\t<\/div>\n\t\t\t\t<\/div>\n\t\t\t\t<\/div>\n\t\t<div class=\"elementor-element elementor-element-1ef9c34 e-con-full e-flex e-con e-child\" data-id=\"1ef9c34\" data-element_type=\"container\">\n\t\t\t\t<\/div>\n\t\t\t\t\t<\/div>\n\t\t\t\t<\/div>\n\t\t<div class=\"elementor-element elementor-element-82c220e e-flex e-con-boxed e-con e-parent\" data-id=\"82c220e\" data-element_type=\"container\">\n\t\t\t\t\t<div class=\"e-con-inner\">\n\t\t<div class=\"elementor-element elementor-element-012981c e-con-full e-flex e-con e-child\" data-id=\"012981c\" data-element_type=\"container\">\n\t\t\t\t<\/div>\n\t\t<div class=\"elementor-element elementor-element-8039680 e-con-full e-flex e-con e-child\" data-id=\"8039680\" data-element_type=\"container\">\n\t\t\t\t<div class=\"elementor-element elementor-element-39852ec elementor-widget elementor-widget-heading\" data-id=\"39852ec\" data-element_type=\"widget\" data-widget_type=\"heading.default\">\n\t\t\t\t<div class=\"elementor-widget-container\">\n\t\t\t\t\t<h2 class=\"elementor-heading-title elementor-size-default\">Cont\u00e1ctanos<\/h2>\t\t\t\t<\/div>\n\t\t\t\t<\/div>\n\t\t\t\t<div class=\"elementor-element elementor-element-f2c6298 elementor-widget elementor-widget-heading\" data-id=\"f2c6298\" data-element_type=\"widget\" data-widget_type=\"heading.default\">\n\t\t\t\t<div class=\"elementor-widget-container\">\n\t\t\t\t\t<h2 class=\"elementor-heading-title elementor-size-default\">\u00bfTienes dudas, sugerencias o simplemente quieres saber m\u00e1s?<\/h2>\t\t\t\t<\/div>\n\t\t\t\t<\/div>\n\t\t\t\t<\/div>\n\t\t<div class=\"elementor-element elementor-element-8967b01 e-con-full e-flex e-con e-child\" data-id=\"8967b01\" data-element_type=\"container\">\n\t\t\t\t<\/div>\n\t\t\t\t\t<\/div>\n\t\t\t\t<\/div>\n\t\t<div class=\"elementor-element elementor-element-a1b7367 e-flex e-con-boxed e-con e-parent\" data-id=\"a1b7367\" data-element_type=\"container\">\n\t\t\t\t\t<div class=\"e-con-inner\">\n\t\t<div class=\"elementor-element elementor-element-8189d70 e-con-full e-flex e-con e-child\" data-id=\"8189d70\" data-element_type=\"container\">\n\t\t\t\t<\/div>\n\t\t<div class=\"elementor-element elementor-element-ba7a033 e-con-full e-flex e-con e-child\" data-id=\"ba7a033\" data-element_type=\"container\">\n\t\t\t\t<div class=\"elementor-element elementor-element-90930ae elementor-widget elementor-widget-heading\" data-id=\"90930ae\" data-element_type=\"widget\" data-widget_type=\"heading.default\">\n\t\t\t\t<div class=\"elementor-widget-container\">\n\t\t\t\t\t<h2 class=\"elementor-heading-title elementor-size-default\">Escr\u00edbenos al correo:<\/h2>\t\t\t\t<\/div>\n\t\t\t\t<\/div>\n\t\t\t\t<div class=\"elementor-element elementor-element-1eacf4e elementor-widget elementor-widget-heading\" data-id=\"1eacf4e\" data-element_type=\"widget\" data-widget_type=\"heading.default\">\n\t\t\t\t<div class=\"elementor-widget-container\">\n\t\t\t\t\t<h2 class=\"elementor-heading-title elementor-size-default\">contacto@pensionadosenlinea.com<\/h2>\t\t\t\t<\/div>\n\t\t\t\t<\/div>\n\t\t\t\t<\/div>\n\t\t<div class=\"elementor-element elementor-element-d3cc65e e-con-full e-flex e-con e-child\" data-id=\"d3cc65e\" data-element_type=\"container\">\n\t\t\t\t<div class=\"elementor-element elementor-element-06dab7b elementor-widget elementor-widget-heading\" data-id=\"06dab7b\" data-element_type=\"widget\" data-widget_type=\"heading.default\">\n\t\t\t\t<div class=\"elementor-widget-container\">\n\t\t\t\t\t<h2 class=\"elementor-heading-title elementor-size-default\">Ll\u00e1manos o escr\u00edbenos por WhatsApp:<\/h2>\t\t\t\t<\/div>\n\t\t\t\t<\/div>\n\t\t\t\t<div class=\"elementor-element elementor-element-4df8c83 elementor-widget elementor-widget-heading\" data-id=\"4df8c83\" data-element_type=\"widget\" data-widget_type=\"heading.default\">\n\t\t\t\t<div class=\"elementor-widget-container\">\n\t\t\t\t\t<h2 class=\"elementor-heading-title elementor-size-default\">(+57) PENDIENTE<br>\nLunes a viernes, de 8:00 a.m. a 5:00 p.m.<\/h2>\t\t\t\t<\/div>\n\t\t\t\t<\/div>\n\t\t\t\t<\/div>\n\t\t<div class=\"elementor-element elementor-element-c635a5f e-con-full e-flex e-con e-child\" data-id=\"c635a5f\" data-element_type=\"container\">\n\t\t\t\t<div class=\"elementor-element elementor-element-f54ac38 elementor-widget elementor-widget-heading\" data-id=\"f54ac38\" data-element_type=\"widget\" data-widget_type=\"heading.default\">\n\t\t\t\t<div class=\"elementor-widget-container\">\n\t\t\t\t\t<h2 class=\"elementor-heading-title elementor-size-default\">Visita nuestra secci\u00f3n de ayuda:<\/h2>\t\t\t\t<\/div>\n\t\t\t\t<\/div>\n\t\t\t\t<div class=\"elementor-element elementor-element-218ba56 elementor-widget elementor-widget-heading\" data-id=\"218ba56\" data-element_type=\"widget\" data-widget_type=\"heading.default\">\n\t\t\t\t<div class=\"elementor-widget-container\">\n\t\t\t\t\t<h2 class=\"elementor-heading-title elementor-size-default\">Preguntas frecuentes, gu\u00edas y tutoriales para resolver tus inquietudes.\n<\/h2>\t\t\t\t<\/div>\n\t\t\t\t<\/div>\n\t\t\t\t<\/div>\n\t\t<div class=\"elementor-element elementor-element-50a0445 e-con-full e-flex e-con e-child\" data-id=\"50a0445\" data-element_type=\"container\">\n\t\t\t\t<\/div>\n\t\t\t\t\t<\/div>\n\t\t\t\t<\/div>\n\t\t<div class=\"elementor-element elementor-element-405d91b e-flex e-con-boxed e-con e-parent\" data-id=\"405d91b\" data-element_type=\"container\" data-settings=\"{&quot;background_background&quot;:&quot;classic&quot;}\">\n\t\t\t\t\t<div class=\"e-con-inner\">\n\t\t<div class=\"elementor-element elementor-element-7e5abb6 e-con-full e-flex e-con e-child\" data-id=\"7e5abb6\" data-element_type=\"container\">\n\t\t\t\t<\/div>\n\t\t<div class=\"elementor-element elementor-element-b9670d0 e-con-full e-flex e-con e-child\" data-id=\"b9670d0\" data-element_type=\"container\">\n\t\t\t\t<div class=\"elementor-element elementor-element-88a2be9 elementor-widget elementor-widget-heading\" data-id=\"88a2be9\" data-element_type=\"widget\" data-widget_type=\"heading.default\">\n\t\t\t\t<div class=\"elementor-widget-container\">\n\t\t\t\t\t<h2 class=\"elementor-heading-title elementor-size-default\">\u00a1Empieza Ahora!<\/h2>\t\t\t\t<\/div>\n\t\t\t\t<\/div>\n\t\t\t\t<div class=\"elementor-element elementor-element-908e7b4 elementor-widget elementor-widget-heading\" data-id=\"908e7b4\" data-element_type=\"widget\" data-widget_type=\"heading.default\">\n\t\t\t\t<div class=\"elementor-widget-container\">\n\t\t\t\t\t<h2 class=\"elementor-heading-title elementor-size-default\">D\u00e9janos tus datos y recibir\u00e1s m\u00e1s informaci\u00f3n.<\/h2>\t\t\t\t<\/div>\n\t\t\t\t<\/div>\n\t\t\t\t<\/div>\n\t\t<div class=\"elementor-element elementor-element-5c985f7 e-con-full e-flex e-con e-child\" data-id=\"5c985f7\" data-element_type=\"container\">\n\t\t\t\t<\/div>\n\t\t\t\t\t<\/div>\n\t\t\t\t<\/div>\n\t\t<div class=\"elementor-element elementor-element-362553f e-con-full e-flex e-con e-parent\" data-id=\"362553f\" data-element_type=\"container\" data-settings=\"{&quot;background_background&quot;:&quot;classic&quot;}\">\n\t\t<div class=\"elementor-element elementor-element-b4b7fd4 e-con-full e-flex e-con e-child\" data-id=\"b4b7fd4\" data-element_type=\"container\">\n\t\t\t\t<\/div>\n\t\t<div class=\"elementor-element elementor-element-daefeeb e-con-full e-flex e-con e-child\" data-id=\"daefeeb\" data-element_type=\"container\">\n\t\t\t\t<div class=\"elementor-element elementor-element-2f426c8 elementor-widget elementor-widget-shortcode\" data-id=\"2f426c8\" data-element_type=\"widget\" data-widget_type=\"shortcode.default\">\n\t\t\t\t<div class=\"elementor-widget-container\">\n\t\t\t\t\t\t\t<div class=\"elementor-shortcode\">\n<div class=\"wpcf7 no-js\" id=\"wpcf7-f996-o1\" lang=\"es-CO\" dir=\"ltr\" data-wpcf7-id=\"996\">\n<div class=\"screen-reader-response\"><p role=\"status\" aria-live=\"polite\" aria-atomic=\"true\"><\/p> <ul><\/ul><\/div>\n<form action=\"\/index.php?rest_route=%2Fwp%2Fv2%2Fpages%2F1237#wpcf7-f996-o1\" method=\"post\" class=\"wpcf7-form init\" aria-label=\"Formulario de contacto\" novalidate=\"novalidate\" data-status=\"init\">\n<div style=\"display: none;\">\n<input type=\"hidden\" name=\"_wpcf7\" value=\"996\" \/>\n<input type=\"hidden\" name=\"_wpcf7_version\" value=\"6.0.6\" \/>\n<input type=\"hidden\" name=\"_wpcf7_locale\" value=\"es_CO\" \/>\n<input type=\"hidden\" name=\"_wpcf7_unit_tag\" value=\"wpcf7-f996-o1\" \/>\n<input type=\"hidden\" name=\"_wpcf7_container_post\" value=\"0\" \/>\n<input type=\"hidden\" name=\"_wpcf7_posted_data_hash\" value=\"\" \/>\n<\/div>\n<style>\n\/* Contenedor principal del formulario *\/\n.wpcf7-form {\n \n padding: 60px 30px 0px 30px;\n border-radius: 10px;\n max-width: 1200px;\n margin: 0 auto;\n display: grid;\n grid-template-columns: repeat(auto-fit, minmax(280px, 1fr));\n gap: 20px;\n \n}\n\n\n\n\/* Estilos para campos de texto *\/\n.wpcf7-form .form-field {\n width: 100%;\n padding: 15px 20px;\n border: 2px solid #e0e4e7;\n border-radius: 8px;\n font-size: 16px;\n color: #666;\n background-color: #fff;\n transition: all 0.3s ease;\n box-sizing: border-box;\n}\n\n.wpcf7-form .form-field:focus {\n outline: none;\n border-color: #007cba;\n box-shadow: 0 0 0 3px rgba(0, 124, 186, 0.1);\n}\n\n.wpcf7-form .form-field::placeholder {\n color: #999;\n font-weight: 400;\n}\n\n\/* Estilos para los selectores *\/\n.wpcf7-form .form-select {\n width: 100%;\n padding: 15px 20px;\n border: 2px solid #e0e4e7;\n border-radius: 8px;\n font-size: 16px;\n color: #666;\n background-color: #fff;\n background-image: url(\"data:image\/svg+xml;charset=UTF-8,%3csvg xmlns='http:\/\/www.w3.org\/2000\/svg' viewBox='0 0 24 24' fill='none' stroke='currentColor' stroke-width='2' stroke-linecap='round' stroke-linejoin='round'%3e%3cpolyline points='6,9 12,15 18,9'%3e%3c\/polyline%3e%3c\/svg%3e\");\n background-repeat: no-repeat;\n background-position: right 15px center;\n background-size: 20px;\n appearance: none;\n -webkit-appearance: none;\n -moz-appearance: none;\n cursor: pointer;\n transition: all 0.3s ease;\n box-sizing: border-box;\n}\n\n.wpcf7-form .form-select:focus {\n outline: none;\n border-color: #007cba;\n box-shadow: 0 0 0 3px rgba(0, 124, 186, 0.1);\n}\n\n\/* Hacer que algunos campos ocupen toda la fila *\/\n.wpcf7-form .form-select {\n grid-column: span 1;\n}\n\n\/* Checkbox de aceptaci\u00f3n *\/\n.wpcf7-form .checkbox-acceptance {\n grid-column: 1 \/ -1;\n display: flex;\n align-items: flex-start;\n gap: 10px;\n margin: 10px 0;\n}\n\n.wpcf7-form .checkbox-acceptance input[type=\"checkbox\"] {\n margin: 0;\n margin-top: 3px;\n transform: scale(1.2);\n cursor: pointer;\n}\n\n.wpcf7-form .checkbox-acceptance .wpcf7-list-item-label {\n color: #666;\n font-size: 14px;\n line-height: 1.4;\n cursor: pointer;\n}\n\n.wpcf7-form .checkbox-acceptance a {\n color: #007cba;\n text-decoration: none;\n}\n\n.wpcf7-form .checkbox-acceptance a:hover {\n text-decoration: underline;\n}\n\n\/* Bot\u00f3n de env\u00edo *\/\n.wpcf7-form .submit-btn {\n grid-column: 1 \/ -1;\n background: linear-gradient(135deg, #ff8c42, #ff6b35);\n color: white;\n border: none;\n padding: 18px 40px;\n border-radius: 8px;\n font-size: 18px;\n font-weight: 600;\n cursor: pointer;\n transition: all 0.3s ease;\n text-transform: none;\n justify-self: end;\n min-width: 200px;\n position: relative;\n overflow: hidden;\n}\n\n.wpcf7-form .submit-btn:hover {\n background: linear-gradient(135deg, #ff7a28, #ff5722);\n transform: translateY(-2px);\n box-shadow: 0 5px 15px rgba(255, 107, 53, 0.4);\n}\n\n.wpcf7-form .submit-btn:active {\n transform: translateY(0);\n}\n\n\/* Flecha en el bot\u00f3n *\/\n.wpcf7-form .submit-btn::after {\n content: \"\u2192\";\n margin-left: 8px;\n font-size: 20px;\n transition: transform 0.3s ease;\n}\n\n.wpcf7-form .submit-btn:hover::after {\n transform: translateX(3px);\n}\n\n\/* Mensajes de validaci\u00f3n *\/\n.wpcf7-form .wpcf7-not-valid-tip {\n color: #dc3545;\n font-size: 14px;\n margin-top: 5px;\n}\n\n.wpcf7-form .wpcf7-validation-errors {\n background-color: #f8d7da;\n color: #721c24;\n border: 1px solid #f5c6cb;\n border-radius: 5px;\n padding: 10px;\n margin: 10px 0;\n}\n\n.wpcf7-form .wpcf7-mail-sent-ok {\n background-color: #d4edda;\n color: #155724;\n border: 1px solid #c3e6cb;\n border-radius: 5px;\n padding: 10px;\n margin: 10px 0;\n}\n\n\/* Responsive *\/\n@media (max-width: 768px) {\n .wpcf7-form {\n grid-template-columns: 1fr;\n padding: 20px;\n gap: 15px;\n }\n \n .wpcf7-form .submit-btn {\n justify-self: stretch;\n width: 100%;\n }\n}\n\n@media (max-width: 480px) {\n .wpcf7-form {\n padding: 15px;\n }\n \n .wpcf7-form .form-field,\n .wpcf7-form .form-select {\n padding: 12px 15px;\n font-size: 14px;\n }\n \n .wpcf7-form .submit-btn {\n padding: 15px 30px;\n font-size: 16px;\n }\n}\n<\/style>\n<div class=\"form-row\">\n\t<p><span class=\"wpcf7-form-control-wrap\" data-name=\"nombre\"><input size=\"40\" maxlength=\"400\" class=\"wpcf7-form-control wpcf7-text wpcf7-validates-as-required\" aria-required=\"true\" aria-invalid=\"false\" placeholder=\"*Nombre\" value=\"\" type=\"text\" name=\"nombre\" \/><\/span><br \/>\n<span class=\"wpcf7-form-control-wrap\" data-name=\"email\"><input size=\"40\" maxlength=\"400\" class=\"wpcf7-form-control wpcf7-email wpcf7-validates-as-required wpcf7-text wpcf7-validates-as-email\" aria-required=\"true\" aria-invalid=\"false\" placeholder=\"*Email\" value=\"\" type=\"email\" name=\"email\" \/><\/span><br \/>\n<span class=\"wpcf7-form-control-wrap\" data-name=\"acepto_politicas\"><span class=\"wpcf7-form-control wpcf7-acceptance\"><span class=\"wpcf7-list-item\"><label><input type=\"checkbox\" name=\"acepto_politicas\" value=\"1\" aria-invalid=\"false\" \/><span class=\"wpcf7-list-item-label\">Acepto las Pol\u00edticas y tratamiento de datos<\/span><\/label><\/span><\/span><\/span>\n\t<\/p>\n<\/div>\n<div class=\"form-row\">\n\t<p><span class=\"wpcf7-form-control-wrap\" data-name=\"apellido\"><input size=\"40\" maxlength=\"400\" class=\"wpcf7-form-control wpcf7-text wpcf7-validates-as-required\" aria-required=\"true\" aria-invalid=\"false\" placeholder=\"*Apellido\" value=\"\" type=\"text\" name=\"apellido\" \/><\/span><br \/>\n<span class=\"wpcf7-form-control-wrap\" data-name=\"nivel_formacion\"><select class=\"wpcf7-form-control wpcf7-select wpcf7-validates-as-required\" aria-required=\"true\" aria-invalid=\"false\" name=\"nivel_formacion\"><option value=\"*Nivel de formaci\u00f3n\">*Nivel de formaci\u00f3n<\/option><option value=\"T\u00e9cnico\">T\u00e9cnico<\/option><option value=\"Tecnol\u00f3gico\">Tecnol\u00f3gico<\/option><option value=\"Profesional\">Profesional<\/option><option value=\"Especializaci\u00f3n\">Especializaci\u00f3n<\/option><option value=\"Maestr\u00eda\">Maestr\u00eda<\/option><option value=\"Doctorado\">Doctorado<\/option><\/select><\/span>\n\t<\/p>\n<\/div>\n<div class=\"form-row\">\n\t<p><span class=\"wpcf7-form-control-wrap\" data-name=\"celular\"><input size=\"40\" maxlength=\"400\" class=\"wpcf7-form-control wpcf7-tel wpcf7-validates-as-required wpcf7-text wpcf7-validates-as-tel\" aria-required=\"true\" aria-invalid=\"false\" placeholder=\"*Celular\" value=\"\" type=\"tel\" name=\"celular\" \/><\/span>\n\t<\/p>\n\t<p><span class=\"wpcf7-form-control-wrap\" data-name=\"inicio_estudios\"><select class=\"wpcf7-form-control wpcf7-select wpcf7-validates-as-required\" aria-required=\"true\" aria-invalid=\"false\" name=\"inicio_estudios\"><option value=\"*\u00bfIntereses?\">*\u00bfIntereses?<\/option><option value=\"Programas de Aprendizaje\">Programas de Aprendizaje<\/option><option value=\"Crear un Progra de Aprendizaje\">Crear un Progra de Aprendizaje<\/option><option value=\"Pertenecer a la Comunidad\">Pertenecer a la Comunidad<\/option><\/select><\/span><br \/>\n<input class=\"wpcf7-form-control wpcf7-submit has-spinner\" type=\"submit\" value=\"Reg\u00edstrate \u2192\" \/>\n\t<\/p>\n<\/div><div class=\"wpcf7-response-output\" aria-hidden=\"true\"><\/div>\n<\/form>\n<\/div>\n<\/div>\n\t\t\t\t\t\t<\/div>\n\t\t\t\t<\/div>\n\t\t\t\t<\/div>\n\t\t<div class=\"elementor-element elementor-element-37cec78 e-con-full e-flex e-con e-child\" data-id=\"37cec78\" data-element_type=\"container\">\n\t\t\t\t<\/div>\n\t\t\t\t<\/div>\n\t\t\t\t<\/div>\n\t\t","protected":false},"excerpt":{"rendered":"<p>Cont\u00e1ctanos \u00bfTienes dudas, sugerencias o simplemente quieres saber m\u00e1s? Escr\u00edbenos al correo: contacto@pensionadosenlinea.com Ll\u00e1manos o escr\u00edbenos por WhatsApp: (+57) PENDIENTE [&hellip;]<\/p>\n","protected":false},"author":1,"featured_media":0,"parent":0,"menu_order":0,"comment_status":"closed","ping_status":"closed","template":"","meta":{"site-sidebar-layout":"no-sidebar","site-content-layout":"","ast-site-content-layout":"full-width-container","site-content-style":"default","site-sidebar-style":"default","ast-global-header-display":"","ast-banner-title-visibility":"","ast-main-header-display":"","ast-hfb-above-header-display":"","ast-hfb-below-header-display":"","ast-hfb-mobile-header-display":"","site-post-title":"disabled","ast-breadcrumbs-content":"","ast-featured-img":"disabled","footer-sml-layout":"","theme-transparent-header-meta":"","adv-header-id-meta":"","stick-header-meta":"","header-above-stick-meta":"","header-main-stick-meta":"","header-below-stick-meta":"","astra-migrate-meta-layouts":"default","ast-page-background-enabled":"default","ast-page-background-meta":{"desktop":{"background-color":"var(--ast-global-color-5)","background-image":"","background-repeat":"repeat","background-position":"center center","background-size":"auto","background-attachment":"scroll","background-type":"","background-media":"","overlay-type":"","overlay-color":"","overlay-opacity":"","overlay-gradient":""},"tablet":{"background-color":"","background-image":"","background-repeat":"repeat","background-position":"center center","background-size":"auto","background-attachment":"scroll","background-type":"","background-media":"","overlay-type":"","overlay-color":"","overlay-opacity":"","overlay-gradient":""},"mobile":{"background-color":"","background-image":"","background-repeat":"repeat","background-position":"center center","background-size":"auto","background-attachment":"scroll","background-type":"","background-media":"","overlay-type":"","overlay-color":"","overlay-opacity":"","overlay-gradient":""}},"ast-content-background-meta":{"desktop":{"background-color":"var(--ast-global-color-4)","background-image":"","background-repeat":"repeat","background-position":"center center","background-size":"auto","background-attachment":"scroll","background-type":"","background-media":"","overlay-type":"","overlay-color":"","overlay-opacity":"","overlay-gradient":""},"tablet":{"background-color":"var(--ast-global-color-4)","background-image":"","background-repeat":"repeat","background-position":"center center","background-size":"auto","background-attachment":"scroll","background-type":"","background-media":"","overlay-type":"","overlay-color":"","overlay-opacity":"","overlay-gradient":""},"mobile":{"background-color":"var(--ast-global-color-4)","background-image":"","background-repeat":"repeat","background-position":"center center","background-size":"auto","background-attachment":"scroll","background-type":"","background-media":"","overlay-type":"","overlay-color":"","overlay-opacity":"","overlay-gradient":""}},"footnotes":""},"class_list":["post-1237","page","type-page","status-publish","hentry"],"_links":{"self":[{"href":"https:\/\/pensionadosenlinea.com\/index.php?rest_route=\/wp\/v2\/pages\/1237","targetHints":{"allow":["GET"]}}],"collection":[{"href":"https:\/\/pensionadosenlinea.com\/index.php?rest_route=\/wp\/v2\/pages"}],"about":[{"href":"https:\/\/pensionadosenlinea.com\/index.php?rest_route=\/wp\/v2\/types\/page"}],"author":[{"embeddable":true,"href":"https:\/\/pensionadosenlinea.com\/index.php?rest_route=\/wp\/v2\/users\/1"}],"replies":[{"embeddable":true,"href":"https:\/\/pensionadosenlinea.com\/index.php?rest_route=%2Fwp%2Fv2%2Fcomments&post=1237"}],"version-history":[{"count":70,"href":"https:\/\/pensionadosenlinea.com\/index.php?rest_route=\/wp\/v2\/pages\/1237\/revisions"}],"predecessor-version":[{"id":1813,"href":"https:\/\/pensionadosenlinea.com\/index.php?rest_route=\/wp\/v2\/pages\/1237\/revisions\/1813"}],"wp:attachment":[{"href":"https:\/\/pensionadosenlinea.com\/index.php?rest_route=%2Fwp%2Fv2%2Fmedia&parent=1237"}],"curies":[{"name":"wp","href":"https:\/\/api.w.org\/{rel}","templated":true}]}}