{"id":1188,"date":"2025-06-18T16:48:54","date_gmt":"2025-06-18T21:48:54","guid":{"rendered":"https:\/\/educaciontrendi.com\/pensionadosenlinea\/?page_id=1188"},"modified":"2025-06-19T14:34:17","modified_gmt":"2025-06-19T19:34:17","slug":"beneficios-para-pensionados","status":"publish","type":"page","link":"https:\/\/pensionadosenlinea.com\/?page_id=1188","title":{"rendered":"Beneficios para pensionados"},"content":{"rendered":"\t\t<div data-elementor-type=\"wp-page\" data-elementor-id=\"1188\" class=\"elementor elementor-1188\">\n\t\t\t\t<div class=\"elementor-element elementor-element-ff11cd7 e-flex e-con-boxed e-con e-parent\" data-id=\"ff11cd7\" data-element_type=\"container\">\n\t\t\t\t\t<div class=\"e-con-inner\">\n\t\t<div class=\"elementor-element elementor-element-e381ebb e-con-full e-flex e-con e-child\" data-id=\"e381ebb\" data-element_type=\"container\">\n\t\t\t\t<\/div>\n\t\t<div class=\"elementor-element elementor-element-88a89d2 e-con-full e-flex e-con e-child\" data-id=\"88a89d2\" data-element_type=\"container\">\n\t\t\t\t<div class=\"elementor-element elementor-element-eba8d50 elementor-widget elementor-widget-image\" data-id=\"eba8d50\" data-element_type=\"widget\" data-widget_type=\"image.default\">\n\t\t\t\t<div class=\"elementor-widget-container\">\n\t\t\t\t\t\t\t\t\t\t\t\t\t\t\t<img decoding=\"async\" src=\"https:\/\/pensionadosenlinea.com\/wp-content\/plugins\/elementor\/assets\/images\/placeholder.png\" title=\"\" alt=\"\" loading=\"lazy\" \/>\t\t\t\t\t\t\t\t\t\t\t\t\t\t\t<\/div>\n\t\t\t\t<\/div>\n\t\t\t\t<\/div>\n\t\t<div class=\"elementor-element elementor-element-9c0785e e-con-full e-flex e-con e-child\" data-id=\"9c0785e\" data-element_type=\"container\">\n\t\t\t\t<div class=\"elementor-element elementor-element-42d6847 elementor-widget elementor-widget-heading\" data-id=\"42d6847\" data-element_type=\"widget\" data-widget_type=\"heading.default\">\n\t\t\t\t<div class=\"elementor-widget-container\">\n\t\t\t\t\t<h2 class=\"elementor-heading-title elementor-size-default\">Beneficios para pensionados<\/h2>\t\t\t\t<\/div>\n\t\t\t\t<\/div>\n\t\t\t\t<div class=\"elementor-element elementor-element-d4186de elementor-widget elementor-widget-heading\" data-id=\"d4186de\" data-element_type=\"widget\" data-widget_type=\"heading.default\">\n\t\t\t\t<div class=\"elementor-widget-container\">\n\t\t\t\t\t<h2 class=\"elementor-heading-title elementor-size-default\">En Pensionados en l\u00ednea ofrecemos una red de servicios pensada para acompa\u00f1arte, inspirarte y mantenerte conectado con lo que te apasiona. Estos son algunos de los beneficios que encontrar\u00e1s en nuestra plataforma:<\/h2>\t\t\t\t<\/div>\n\t\t\t\t<\/div>\n\t\t\t\t<\/div>\n\t\t<div class=\"elementor-element elementor-element-9df06ed e-con-full e-flex e-con e-child\" data-id=\"9df06ed\" data-element_type=\"container\">\n\t\t\t\t<\/div>\n\t\t\t\t\t<\/div>\n\t\t\t\t<\/div>\n\t\t<div class=\"elementor-element elementor-element-691c6f6 e-flex e-con-boxed e-con e-parent\" data-id=\"691c6f6\" data-element_type=\"container\">\n\t\t\t\t\t<div class=\"e-con-inner\">\n\t\t<div class=\"elementor-element elementor-element-c92b258 e-con-full e-flex e-con e-child\" data-id=\"c92b258\" data-element_type=\"container\">\n\t\t\t\t<\/div>\n\t\t<div class=\"elementor-element elementor-element-017a8f4 e-con-full e-flex e-con e-child\" data-id=\"017a8f4\" data-element_type=\"container\">\n\t\t\t\t<div class=\"elementor-element elementor-element-0fb3307 elementor-widget elementor-widget-heading\" data-id=\"0fb3307\" data-element_type=\"widget\" data-widget_type=\"heading.default\">\n\t\t\t\t<div class=\"elementor-widget-container\">\n\t\t\t\t\t<h2 class=\"elementor-heading-title elementor-size-default\"><b>Aprendizaje continuo<\/b><br><br>\nAccede a cursos y talleres virtuales para fortalecer habilidades, descubrir nuevos intereses o desarrollar proyectos personales.<br><br>\n<b>Comunidad activa<\/b><br><br>\nConecta con otras personas pensionadas a trav\u00e9s de espacios de conversaci\u00f3n, actividades colaborativas y redes de apoyo.<br><span style=\"font-family: inherit;font-size: inherit;font-style: inherit;border: 0px;font-variant: inherit;font-weight: 700;line-height: inherit;margin: 0px;padding: 0px;vertical-align: baseline\"><br>Participaci\u00f3n <\/span><span style=\"font-family: inherit;font-size: inherit;font-style: inherit;border: 0px;font-variant: inherit;font-weight: 700;line-height: inherit;margin: 0px;padding: 0px;vertical-align: baseline\">y visibilidad<\/span><br><span style=\"font: inherit;border: 0px;margin: 0px;padding: 0px;vertical-align: baseline\"><br>Comparte tu experiencia en <\/span><i style=\"font-family: inherit;font-size: inherit;font-weight: inherit;border: 0px;font-variant: inherit;line-height: inherit;margin: 0px;padding: 0px;vertical-align: baseline\">As\u00ed lo viv\u00ed<\/i><span style=\"font: inherit;border: 0px;margin: 0px;padding: 0px;vertical-align: baseline\">, nuestro p\u00f3dcast donde las <span style=\"border: 0px;font: inherit;margin: 0px;padding: 0px;vertical-align: baseline\">historias de vida inspiran, conectan y dejan huella. <\/span><\/span><br><br><b> Bienestar integral<br><br><\/b>\nEncuentra contenidos y herramientas que promueven tu salud f\u00edsica, emocional y mental.<\/h2>\t\t\t\t<\/div>\n\t\t\t\t<\/div>\n\t\t\t\t<\/div>\n\t\t<div class=\"elementor-element elementor-element-194a0fa e-con-full e-flex e-con e-child\" data-id=\"194a0fa\" data-element_type=\"container\">\n\t\t\t\t<div class=\"elementor-element elementor-element-794fb0e elementor-widget elementor-widget-heading\" data-id=\"794fb0e\" data-element_type=\"widget\" data-widget_type=\"heading.default\">\n\t\t\t\t<div class=\"elementor-widget-container\">\n\t\t\t\t\t<h2 class=\"elementor-heading-title elementor-size-default\"><b>Cultura y entretenimiento<\/b><br><br>\nDisfruta de eventos virtuales, clubes de lectura, recomendaciones culturales y actividades dise\u00f1adas especialmente para ti.<br><br>\n<b>Acompa\u00f1amiento digital<\/b><br><br>\nAprende a usar herramientas tecnol\u00f3gicas, navega con seguridad y s\u00e1cale el m\u00e1ximo provecho al mundo digital. <br><br>\n<b>Tu red, tu historia<\/b><br><br>Adem\u00e1s de ser parte de la comunidad general, podr\u00e1s vincularte a tu grupo de origen: la comunidad de pensionados de la empresa o instituci\u00f3n donde trabajaste. Un espacio para reencontrarse, compartir memorias, crear nuevos proyectos y mantenerse unidos.\n<\/h2>\t\t\t\t<\/div>\n\t\t\t\t<\/div>\n\t\t\t\t<\/div>\n\t\t<div class=\"elementor-element elementor-element-2a6be66 e-con-full e-flex e-con e-child\" data-id=\"2a6be66\" data-element_type=\"container\">\n\t\t\t\t<\/div>\n\t\t\t\t\t<\/div>\n\t\t\t\t<\/div>\n\t\t\t\t<\/div>\n\t\t","protected":false},"excerpt":{"rendered":"<p>Beneficios para pensionados En Pensionados en l\u00ednea ofrecemos una red de servicios pensada para acompa\u00f1arte, inspirarte y mantenerte conectado con [&hellip;]<\/p>\n","protected":false},"author":1,"featured_media":0,"parent":0,"menu_order":0,"comment_status":"closed","ping_status":"closed","template":"","meta":{"site-sidebar-layout":"no-sidebar","site-content-layout":"","ast-site-content-layout":"full-width-container","site-content-style":"default","site-sidebar-style":"default","ast-global-header-display":"","ast-banner-title-visibility":"","ast-main-header-display":"","ast-hfb-above-header-display":"","ast-hfb-below-header-display":"","ast-hfb-mobile-header-display":"","site-post-title":"disabled","ast-breadcrumbs-content":"","ast-featured-img":"disabled","footer-sml-layout":"","theme-transparent-header-meta":"","adv-header-id-meta":"","stick-header-meta":"","header-above-stick-meta":"","header-main-stick-meta":"","header-below-stick-meta":"","astra-migrate-meta-layouts":"default","ast-page-background-enabled":"default","ast-page-background-meta":{"desktop":{"background-color":"var(--ast-global-color-5)","background-image":"","background-repeat":"repeat","background-position":"center center","background-size":"auto","background-attachment":"scroll","background-type":"","background-media":"","overlay-type":"","overlay-color":"","overlay-opacity":"","overlay-gradient":""},"tablet":{"background-color":"","background-image":"","background-repeat":"repeat","background-position":"center center","background-size":"auto","background-attachment":"scroll","background-type":"","background-media":"","overlay-type":"","overlay-color":"","overlay-opacity":"","overlay-gradient":""},"mobile":{"background-color":"","background-image":"","background-repeat":"repeat","background-position":"center center","background-size":"auto","background-attachment":"scroll","background-type":"","background-media":"","overlay-type":"","overlay-color":"","overlay-opacity":"","overlay-gradient":""}},"ast-content-background-meta":{"desktop":{"background-color":"var(--ast-global-color-4)","background-image":"","background-repeat":"repeat","background-position":"center center","background-size":"auto","background-attachment":"scroll","background-type":"","background-media":"","overlay-type":"","overlay-color":"","overlay-opacity":"","overlay-gradient":""},"tablet":{"background-color":"var(--ast-global-color-4)","background-image":"","background-repeat":"repeat","background-position":"center center","background-size":"auto","background-attachment":"scroll","background-type":"","background-media":"","overlay-type":"","overlay-color":"","overlay-opacity":"","overlay-gradient":""},"mobile":{"background-color":"var(--ast-global-color-4)","background-image":"","background-repeat":"repeat","background-position":"center center","background-size":"auto","background-attachment":"scroll","background-type":"","background-media":"","overlay-type":"","overlay-color":"","overlay-opacity":"","overlay-gradient":""}},"footnotes":""},"class_list":["post-1188","page","type-page","status-publish","hentry"],"_links":{"self":[{"href":"https:\/\/pensionadosenlinea.com\/index.php?rest_route=\/wp\/v2\/pages\/1188","targetHints":{"allow":["GET"]}}],"collection":[{"href":"https:\/\/pensionadosenlinea.com\/index.php?rest_route=\/wp\/v2\/pages"}],"about":[{"href":"https:\/\/pensionadosenlinea.com\/index.php?rest_route=\/wp\/v2\/types\/page"}],"author":[{"embeddable":true,"href":"https:\/\/pensionadosenlinea.com\/index.php?rest_route=\/wp\/v2\/users\/1"}],"replies":[{"embeddable":true,"href":"https:\/\/pensionadosenlinea.com\/index.php?rest_route=%2Fwp%2Fv2%2Fcomments&post=1188"}],"version-history":[{"count":31,"href":"https:\/\/pensionadosenlinea.com\/index.php?rest_route=\/wp\/v2\/pages\/1188\/revisions"}],"predecessor-version":[{"id":1498,"href":"https:\/\/pensionadosenlinea.com\/index.php?rest_route=\/wp\/v2\/pages\/1188\/revisions\/1498"}],"wp:attachment":[{"href":"https:\/\/pensionadosenlinea.com\/index.php?rest_route=%2Fwp%2Fv2%2Fmedia&parent=1188"}],"curies":[{"name":"wp","href":"https:\/\/api.w.org\/{rel}","templated":true}]}}